{"id":61,"date":"2025-10-26T16:38:20","date_gmt":"2025-10-26T16:38:20","guid":{"rendered":"https:\/\/www.elektrokier.pl\/?page_id=61"},"modified":"2026-01-19T16:31:53","modified_gmt":"2026-01-19T16:31:53","slug":"o-nas","status":"publish","type":"page","link":"https:\/\/www.elektrokier.pl\/?page_id=61","title":{"rendered":"O Nas"},"content":{"rendered":"\n<p>Przez wiele lat zdobywali\u015bmy wiedz\u0119 i umiej\u0119tno\u015bci, realizuj\u0105c r\u00f3\u017cnorodne projekty. Dzi\u015b jeste\u015bmy firm\u0105, kt\u00f3ra podejmuje inwestycje wielomilionowe, oferuj\u0105c kompleksowe rozwi\u0105zania w zakresie instalacji elektrycznych i teletechnicznych. Nasze realizacje obejmuj\u0105 zar\u00f3wno obiekty mieszkalne, jak i przemys\u0142owe, a ka\u017cdy projekt traktujemy indywidualnie, z pe\u0142nym zaanga\u017cowaniem.<\/p>\n\n\n\n<p>Zadowolenie klient\u00f3w jest dla nas priorytetem \u2013 to ono nap\u0119dza nas do ci\u0105g\u0142ego rozwoju. Nasza misja to <strong>zr\u00f3wnowa\u017cony rozw\u00f3j<\/strong> oraz <strong>dopasowywanie oferty do potrzeb rynku<\/strong>, aby sprosta\u0107 rosn\u0105cym wymaganiom technologii i bezpiecze\u0144stwa.<\/p>\n","protected":false},"excerpt":{"rendered":"<p>Przez wiele lat zdobywali\u015bmy wiedz\u0119 i umiej\u0119tno\u015bci, realizuj\u0105c r\u00f3\u017cnorodne projekty. Dzi\u015b jeste\u015bmy firm\u0105, kt\u00f3ra podejmuje inwestycje wielomilionowe, oferuj\u0105c kompleksowe rozwi\u0105zania w zakresie instalacji elektrycznych i teletechnicznych. Nasze realizacje obejmuj\u0105 zar\u00f3wno obiekty mieszkalne, jak i przemys\u0142owe, a ka\u017cdy projekt traktujemy indywidualnie, z pe\u0142nym zaanga\u017cowaniem. Zadowolenie klient\u00f3w jest dla nas priorytetem \u2013 to ono nap\u0119dza nas do [&hellip;]<\/p>\n","protected":false},"author":1,"featured_media":0,"parent":0,"menu_order":0,"comment_status":"closed","ping_status":"closed","template":"","meta":{"_themeisle_gutenberg_block_has_review":false,"footnotes":""},"class_list":["post-61","page","type-page","status-publish","hentry"],"_links":{"self":[{"href":"https:\/\/www.elektrokier.pl\/index.php?rest_route=\/wp\/v2\/pages\/61","targetHints":{"allow":["GET"]}}],"collection":[{"href":"https:\/\/www.elektrokier.pl\/index.php?rest_route=\/wp\/v2\/pages"}],"about":[{"href":"https:\/\/www.elektrokier.pl\/index.php?rest_route=\/wp\/v2\/types\/page"}],"author":[{"embeddable":true,"href":"https:\/\/www.elektrokier.pl\/index.php?rest_route=\/wp\/v2\/users\/1"}],"replies":[{"embeddable":true,"href":"https:\/\/www.elektrokier.pl\/index.php?rest_route=%2Fwp%2Fv2%2Fcomments&post=61"}],"version-history":[{"count":4,"href":"https:\/\/www.elektrokier.pl\/index.php?rest_route=\/wp\/v2\/pages\/61\/revisions"}],"predecessor-version":[{"id":166,"href":"https:\/\/www.elektrokier.pl\/index.php?rest_route=\/wp\/v2\/pages\/61\/revisions\/166"}],"wp:attachment":[{"href":"https:\/\/www.elektrokier.pl\/index.php?rest_route=%2Fwp%2Fv2%2Fmedia&parent=61"}],"curies":[{"name":"wp","href":"https:\/\/api.w.org\/{rel}","templated":true}]}}